{"id":9423,"date":"2020-12-08T14:05:09","date_gmt":"2020-12-08T14:05:09","guid":{"rendered":"http:\/\/educacion.uprrp.edu\/edfi\/?page_id=9423"},"modified":"2020-12-08T14:07:23","modified_gmt":"2020-12-08T14:07:23","slug":"prof-rafael-ojeda-ayala","status":"publish","type":"page","link":"https:\/\/educacion.uprrp.edu\/edfi\/?page_id=9423","title":{"rendered":"Prof. Rafael Ojeda Ayala"},"content":{"rendered":"\t\t<div data-elementor-type=\"wp-page\" data-elementor-id=\"9423\" class=\"elementor elementor-9423\">\n\t\t\t\t\t\t<section class=\"elementor-section elementor-top-section elementor-element elementor-element-f27daf1 elementor-section-boxed elementor-section-height-default elementor-section-height-default\" data-id=\"f27daf1\" data-element_type=\"section\" data-e-type=\"section\">\n\t\t\t\t\t\t<div class=\"elementor-container elementor-column-gap-default\">\n\t\t\t\t\t<div class=\"elementor-column elementor-col-50 elementor-top-column elementor-element elementor-element-ad03f9d\" data-id=\"ad03f9d\" data-element_type=\"column\" data-e-type=\"column\">\n\t\t\t<div class=\"elementor-widget-wrap elementor-element-populated\">\n\t\t\t\t\t\t<div class=\"elementor-element elementor-element-643d564 elementor-widget elementor-widget-text-editor\" data-id=\"643d564\" data-element_type=\"widget\" data-e-type=\"widget\" data-widget_type=\"text-editor.default\">\n\t\t\t\t<div class=\"elementor-widget-container\">\n\t\t\t\t\t\t\t\t\t<h2><strong>Investigaciones y publicaciones<\/strong><\/h2><p>Student Motor Engagement Time in Physical Education Classes in Puerto Rico.<\/p><p>Historia de la Participaci\u00f3n Deportiva del Recinto de R\u00edo Piedras en la LAI<\/p><p>\u00a0<\/p>\t\t\t\t\t\t\t\t<\/div>\n\t\t\t\t<\/div>\n\t\t\t\t\t<\/div>\n\t\t<\/div>\n\t\t\t\t<div class=\"elementor-column elementor-col-50 elementor-top-column elementor-element elementor-element-eeaf0b6\" data-id=\"eeaf0b6\" data-element_type=\"column\" data-e-type=\"column\">\n\t\t\t<div class=\"elementor-widget-wrap elementor-element-populated\">\n\t\t\t\t\t\t<div class=\"elementor-element elementor-element-d5f49ab elementor-widget elementor-widget-text-editor\" data-id=\"d5f49ab\" data-element_type=\"widget\" data-e-type=\"widget\" data-widget_type=\"text-editor.default\">\n\t\t\t\t<div class=\"elementor-widget-container\">\n\t\t\t\t\t\t\t\t\t<h2><strong>Proyectos<\/strong><\/h2><p>Libro; Introducci\u00f3n a la Educaci\u00f3n F\u00edsica: Historia y Principio<\/p><p>Metasicomotricidad: Una nueva educaci\u00f3n f\u00edsica (en proceso)<\/p><p>Centro de Evaluaci\u00f3n, Desarrollo Curricular e Investigaci\u00f3n en Educaci\u00f3n F\u00edsica (CEDCIEF)<\/p>\t\t\t\t\t\t\t\t<\/div>\n\t\t\t\t<\/div>\n\t\t\t\t\t<\/div>\n\t\t<\/div>\n\t\t\t\t\t<\/div>\n\t\t<\/section>\n\t\t\t\t<\/div>\n\t\t","protected":false},"excerpt":{"rendered":"<p>Investigaciones y publicaciones Student Motor Engagement Time in Physical Education Classes in Puerto Rico. Historia de la Participaci\u00f3n Deportiva del Recinto de R\u00edo Piedras en la LAI \u00a0 Proyectos Libro; Introducci\u00f3n a la Educaci\u00f3n F\u00edsica: Historia y Principio Metasicomotricidad: Una &hellip; <\/p>\n","protected":false},"author":6,"featured_media":0,"parent":0,"menu_order":0,"comment_status":"closed","ping_status":"closed","template":"","meta":{"footnotes":""},"class_list":["post-9423","page","type-page","status-publish","hentry"],"_links":{"self":[{"href":"https:\/\/educacion.uprrp.edu\/edfi\/index.php?rest_route=\/wp\/v2\/pages\/9423","targetHints":{"allow":["GET"]}}],"collection":[{"href":"https:\/\/educacion.uprrp.edu\/edfi\/index.php?rest_route=\/wp\/v2\/pages"}],"about":[{"href":"https:\/\/educacion.uprrp.edu\/edfi\/index.php?rest_route=\/wp\/v2\/types\/page"}],"author":[{"embeddable":true,"href":"https:\/\/educacion.uprrp.edu\/edfi\/index.php?rest_route=\/wp\/v2\/users\/6"}],"replies":[{"embeddable":true,"href":"https:\/\/educacion.uprrp.edu\/edfi\/index.php?rest_route=%2Fwp%2Fv2%2Fcomments&post=9423"}],"version-history":[{"count":3,"href":"https:\/\/educacion.uprrp.edu\/edfi\/index.php?rest_route=\/wp\/v2\/pages\/9423\/revisions"}],"predecessor-version":[{"id":9426,"href":"https:\/\/educacion.uprrp.edu\/edfi\/index.php?rest_route=\/wp\/v2\/pages\/9423\/revisions\/9426"}],"wp:attachment":[{"href":"https:\/\/educacion.uprrp.edu\/edfi\/index.php?rest_route=%2Fwp%2Fv2%2Fmedia&parent=9423"}],"curies":[{"name":"wp","href":"https:\/\/api.w.org\/{rel}","templated":true}]}}