{"id":9317,"date":"2020-12-08T13:01:23","date_gmt":"2020-12-08T13:01:23","guid":{"rendered":"http:\/\/educacion.uprrp.edu\/edfi\/?page_id=9317"},"modified":"2020-12-08T14:31:10","modified_gmt":"2020-12-08T14:31:10","slug":"prof-aybar","status":"publish","type":"page","link":"https:\/\/educacion.uprrp.edu\/edfi\/?page_id=9317","title":{"rendered":"Prof. Jos\u00e9 Aybar"},"content":{"rendered":"\t\t<div data-elementor-type=\"wp-page\" data-elementor-id=\"9317\" class=\"elementor elementor-9317\">\n\t\t\t\t\t\t<section class=\"elementor-section elementor-top-section elementor-element elementor-element-e13b45e elementor-section-boxed elementor-section-height-default elementor-section-height-default\" data-id=\"e13b45e\" data-element_type=\"section\" data-e-type=\"section\">\n\t\t\t\t\t\t<div class=\"elementor-container elementor-column-gap-default\">\n\t\t\t\t\t<div class=\"elementor-column elementor-col-50 elementor-top-column elementor-element elementor-element-b855955\" data-id=\"b855955\" data-element_type=\"column\" data-e-type=\"column\">\n\t\t\t<div class=\"elementor-widget-wrap elementor-element-populated\">\n\t\t\t\t\t\t<div class=\"elementor-element elementor-element-c142cb2 elementor-widget elementor-widget-text-editor\" data-id=\"c142cb2\" data-element_type=\"widget\" data-e-type=\"widget\" data-widget_type=\"text-editor.default\">\n\t\t\t\t<div class=\"elementor-widget-container\">\n\t\t\t\t\t\t\t\t\t<h2>Investigaciones y publicaciones\u00a0<\/h2><p>\u201cLa atleta puertorrique\u00f1a y el conflicto de roles\u201d (2006)<\/p><p>\u201cEstudio de necesidades, caracter\u00edsticas y experiencias del estudiante atleta\u201d (2018)<\/p><p>\u201cPercepci\u00f3n y experiencia de los atletas de alto rendimiento sobre la psicolog\u00eda deportiva\u201d (2020)<\/p><p>\u201cSituaci\u00f3n actual de los\/las deportistas ante el distanciamiento social en Puerto Rico provocado por el COVID-19\u201d (2020)<\/p>\t\t\t\t\t\t\t\t<\/div>\n\t\t\t\t<\/div>\n\t\t\t\t\t<\/div>\n\t\t<\/div>\n\t\t\t\t<div class=\"elementor-column elementor-col-50 elementor-top-column elementor-element elementor-element-ea98ef6\" data-id=\"ea98ef6\" data-element_type=\"column\" data-e-type=\"column\">\n\t\t\t<div class=\"elementor-widget-wrap elementor-element-populated\">\n\t\t\t\t\t\t<div class=\"elementor-element elementor-element-fd0fdc8 elementor-widget elementor-widget-text-editor\" data-id=\"fd0fdc8\" data-element_type=\"widget\" data-e-type=\"widget\" data-widget_type=\"text-editor.default\">\n\t\t\t\t<div class=\"elementor-widget-container\">\n\t\t\t\t\t\t\t\t\t<h2>Proyectos\u00a0<\/h2><p>2016 al presente \u2013 director y miembro fundador del Centro para la aplicaci\u00f3n y estudio de la psicolog\u00eda deportiva (CAEPD-UPR)<\/p><p>2014 -2016 \u2013 director Programa de Acceso e Inclusi\u00f3n Deporte Comunitario (PAIDCO-UPRRP)<\/p><p>2020 Co-Editor y co-autor libro\u00a0<em>Introducci\u00f3n\u00a0a la psicologia del deporte y la actividad f\u00edsica.\u00a0<\/em>Publicaciones Gaviota. San Juan. PR<\/p><p>2014 Co-autor manual:\u00a0<em>El Diploma: Recomendaciones b\u00e1sicas para los padres en el deporte de sus hijos<\/em>. Auspiciado por Gatorate.<\/p><p>2012 Co-autor libro Nuestros hijos e hijas deportistas. Gu\u00eda para el \u00e9xito de los ni\u00f1os en el deporte y en la vida.\u00a0 Advanced Printing Buenaventura. Carolina, PR.<\/p><p>2009 Editor y co-autor libro\u00a0<em>Fundamentos Psico-Sociales del Deporte y la Actividad F\u00edsica.\u00a0<\/em>Publicaciones Gaviota. San Juan. PR<\/p>\t\t\t\t\t\t\t\t<\/div>\n\t\t\t\t<\/div>\n\t\t\t\t\t<\/div>\n\t\t<\/div>\n\t\t\t\t\t<\/div>\n\t\t<\/section>\n\t\t\t\t<\/div>\n\t\t","protected":false},"excerpt":{"rendered":"<p>Investigaciones y publicaciones\u00a0 \u201cLa atleta puertorrique\u00f1a y el conflicto de roles\u201d (2006) \u201cEstudio de necesidades, caracter\u00edsticas y experiencias del estudiante atleta\u201d (2018) \u201cPercepci\u00f3n y experiencia de los atletas de alto rendimiento sobre la psicolog\u00eda deportiva\u201d (2020) \u201cSituaci\u00f3n actual de los\/las &hellip; <\/p>\n","protected":false},"author":6,"featured_media":0,"parent":0,"menu_order":0,"comment_status":"closed","ping_status":"closed","template":"","meta":{"footnotes":""},"class_list":["post-9317","page","type-page","status-publish","hentry"],"_links":{"self":[{"href":"https:\/\/educacion.uprrp.edu\/edfi\/index.php?rest_route=\/wp\/v2\/pages\/9317","targetHints":{"allow":["GET"]}}],"collection":[{"href":"https:\/\/educacion.uprrp.edu\/edfi\/index.php?rest_route=\/wp\/v2\/pages"}],"about":[{"href":"https:\/\/educacion.uprrp.edu\/edfi\/index.php?rest_route=\/wp\/v2\/types\/page"}],"author":[{"embeddable":true,"href":"https:\/\/educacion.uprrp.edu\/edfi\/index.php?rest_route=\/wp\/v2\/users\/6"}],"replies":[{"embeddable":true,"href":"https:\/\/educacion.uprrp.edu\/edfi\/index.php?rest_route=%2Fwp%2Fv2%2Fcomments&post=9317"}],"version-history":[{"count":16,"href":"https:\/\/educacion.uprrp.edu\/edfi\/index.php?rest_route=\/wp\/v2\/pages\/9317\/revisions"}],"predecessor-version":[{"id":9462,"href":"https:\/\/educacion.uprrp.edu\/edfi\/index.php?rest_route=\/wp\/v2\/pages\/9317\/revisions\/9462"}],"wp:attachment":[{"href":"https:\/\/educacion.uprrp.edu\/edfi\/index.php?rest_route=%2Fwp%2Fv2%2Fmedia&parent=9317"}],"curies":[{"name":"wp","href":"https:\/\/api.w.org\/{rel}","templated":true}]}}