{"id":9021,"date":"2020-11-20T12:49:24","date_gmt":"2020-11-20T12:49:24","guid":{"rendered":"http:\/\/educacion.uprrp.edu\/edfi\/?page_id=9021"},"modified":"2020-12-22T14:14:52","modified_gmt":"2020-12-22T14:14:52","slug":"inicio","status":"publish","type":"page","link":"https:\/\/educacion.uprrp.edu\/edfi\/?page_id=9021","title":{"rendered":"Inicio"},"content":{"rendered":"\t\t<div data-elementor-type=\"wp-page\" data-elementor-id=\"9021\" class=\"elementor elementor-9021\">\n\t\t\t\t\t\t<section class=\"elementor-section elementor-top-section elementor-element elementor-element-acafbc4 elementor-section-boxed elementor-section-height-default elementor-section-height-default\" data-id=\"acafbc4\" data-element_type=\"section\" data-e-type=\"section\">\n\t\t\t\t\t\t<div class=\"elementor-container elementor-column-gap-default\">\n\t\t\t\t\t<div class=\"elementor-column elementor-col-50 elementor-top-column elementor-element elementor-element-f6f57d9\" data-id=\"f6f57d9\" data-element_type=\"column\" data-e-type=\"column\">\n\t\t\t<div class=\"elementor-widget-wrap elementor-element-populated\">\n\t\t\t\t\t\t<div class=\"elementor-element elementor-element-79c4374 elementor-widget elementor-widget-text-editor\" data-id=\"79c4374\" data-element_type=\"widget\" data-e-type=\"widget\" data-widget_type=\"text-editor.default\">\n\t\t\t\t<div class=\"elementor-widget-container\">\n\t\t\t\t\t\t\t\t\t<h4><span style=\"color: #800000;\"><b>El Departamento de Educaci\u00f3n F\u00edsica y Recreaci\u00f3n<\/b><\/span><\/h4><p>El Departamento de Educaci\u00f3n F\u00edsica y Recreaci\u00f3n de la Universidad de Puerto Rico, Recinto de R\u00edo Piedras, se origina en el 1946 con el prop\u00f3sito de ofrecer un servicio esencial al pueblo de Puerto Rico en la preparaci\u00f3n de maestros y profesionales en los campos de la Educaci\u00f3n F\u00edsica y Recreaci\u00f3n. Contamos con una facultad diversa en los diferentes campos de la kinesiolog\u00eda que aportan al desarrollo hol\u00edstico de nuestros egresados. Por otro lado, nuestra facultad cuenta con un historial sobresaliente en el componente investigativo. Hist\u00f3ricamente nuestros egresados y facultad han ocupado puestos de liderazgo en diferentes contextos relacionados a la kinesiolog\u00eda, deporte, educaci\u00f3n y recreaci\u00f3n. Le exhortamos a que exploren la p\u00e1gina web del departamento en donde encontrar\u00e1n informaci\u00f3n sobre nuestras ofertas acad\u00e9micas, personal docente, organizaciones estudiantiles, eventos y arrendamientos de facilidades.\u00a0\u00a0<\/p><div>\u00a0<\/div><div>\u00a0<\/div><div>\u00a0<\/div>\t\t\t\t\t\t\t\t<\/div>\n\t\t\t\t<\/div>\n\t\t\t\t\t<\/div>\n\t\t<\/div>\n\t\t\t\t<div class=\"elementor-column elementor-col-50 elementor-top-column elementor-element elementor-element-2d1a4ee\" data-id=\"2d1a4ee\" data-element_type=\"column\" data-e-type=\"column\">\n\t\t\t<div class=\"elementor-widget-wrap elementor-element-populated\">\n\t\t\t\t\t\t<div class=\"elementor-element elementor-element-3462b3f elementor-widget elementor-widget-image\" data-id=\"3462b3f\" data-element_type=\"widget\" data-e-type=\"widget\" data-widget_type=\"image.default\">\n\t\t\t\t<div class=\"elementor-widget-container\">\n\t\t\t\t\t\t\t\t\t\t\t\t\t\t\t<img fetchpriority=\"high\" decoding=\"async\" width=\"1536\" height=\"1152\" src=\"https:\/\/educacion.uprrp.edu\/edfi\/wp-content\/uploads\/sites\/5\/2020\/12\/IMG_2549-scaled-1536x1152.jpg\" class=\"attachment-1536x1536 size-1536x1536 wp-image-9599\" alt=\"\" srcset=\"https:\/\/educacion.uprrp.edu\/edfi\/wp-content\/uploads\/sites\/5\/2020\/12\/IMG_2549-scaled-1536x1152.jpg 1536w, https:\/\/educacion.uprrp.edu\/edfi\/wp-content\/uploads\/sites\/5\/2020\/12\/IMG_2549-scaled-300x225.jpg 300w, https:\/\/educacion.uprrp.edu\/edfi\/wp-content\/uploads\/sites\/5\/2020\/12\/IMG_2549-scaled-1024x768.jpg 1024w, https:\/\/educacion.uprrp.edu\/edfi\/wp-content\/uploads\/sites\/5\/2020\/12\/IMG_2549-768x576.jpg 768w, https:\/\/educacion.uprrp.edu\/edfi\/wp-content\/uploads\/sites\/5\/2020\/12\/IMG_2549-scaled-2048x1536.jpg 2048w\" sizes=\"(max-width: 1536px) 100vw, 1536px\" \/>\t\t\t\t\t\t\t\t\t\t\t\t\t\t\t<\/div>\n\t\t\t\t<\/div>\n\t\t\t\t\t<\/div>\n\t\t<\/div>\n\t\t\t\t\t<\/div>\n\t\t<\/section>\n\t\t\t\t<\/div>\n\t\t","protected":false},"excerpt":{"rendered":"<p>El Departamento de Educaci\u00f3n F\u00edsica y Recreaci\u00f3n El Departamento de Educaci\u00f3n F\u00edsica y Recreaci\u00f3n de la Universidad de Puerto Rico, Recinto de R\u00edo Piedras, se origina en el 1946 con el prop\u00f3sito de ofrecer un servicio esencial al pueblo de &hellip; <\/p>\n","protected":false},"author":6,"featured_media":0,"parent":0,"menu_order":0,"comment_status":"closed","ping_status":"closed","template":"","meta":{"footnotes":""},"class_list":["post-9021","page","type-page","status-publish","hentry"],"_links":{"self":[{"href":"https:\/\/educacion.uprrp.edu\/edfi\/index.php?rest_route=\/wp\/v2\/pages\/9021","targetHints":{"allow":["GET"]}}],"collection":[{"href":"https:\/\/educacion.uprrp.edu\/edfi\/index.php?rest_route=\/wp\/v2\/pages"}],"about":[{"href":"https:\/\/educacion.uprrp.edu\/edfi\/index.php?rest_route=\/wp\/v2\/types\/page"}],"author":[{"embeddable":true,"href":"https:\/\/educacion.uprrp.edu\/edfi\/index.php?rest_route=\/wp\/v2\/users\/6"}],"replies":[{"embeddable":true,"href":"https:\/\/educacion.uprrp.edu\/edfi\/index.php?rest_route=%2Fwp%2Fv2%2Fcomments&post=9021"}],"version-history":[{"count":25,"href":"https:\/\/educacion.uprrp.edu\/edfi\/index.php?rest_route=\/wp\/v2\/pages\/9021\/revisions"}],"predecessor-version":[{"id":9637,"href":"https:\/\/educacion.uprrp.edu\/edfi\/index.php?rest_route=\/wp\/v2\/pages\/9021\/revisions\/9637"}],"wp:attachment":[{"href":"https:\/\/educacion.uprrp.edu\/edfi\/index.php?rest_route=%2Fwp%2Fv2%2Fmedia&parent=9021"}],"curies":[{"name":"wp","href":"https:\/\/api.w.org\/{rel}","templated":true}]}}

<div data-elementor-type="wp-page" data-elementor-id="9021" class="elementor elementor-9021">
						<section class="elementor-section elementor-top-section elementor-element elementor-element-acafbc4 elementor-section-boxed elementor-section-height-default elementor-section-height-default" data-id="acafbc4" data-element_type="section" data-e-type="section">
						<div class="elementor-container elementor-column-gap-default">
					<div class="elementor-column elementor-col-50 elementor-top-column elementor-element elementor-element-f6f57d9" data-id="f6f57d9" data-element_type="column" data-e-type="column">
			<div class="elementor-widget-wrap elementor-element-populated">
						<div class="elementor-element elementor-element-79c4374 elementor-widget elementor-widget-text-editor" data-id="79c4374" data-element_type="widget" data-e-type="widget" data-widget_type="text-editor.default">
				<div class="elementor-widget-container">
									<h4><span style="color: #800000;"><b>El Departamento de Educación Física y Recreación</b></span></h4><p>El Departamento de Educación Física y Recreación de la Universidad de Puerto Rico, Recinto de Río Piedras, se origina en el 1946 con el propósito de ofrecer un servicio esencial al pueblo de Puerto Rico en la preparación de maestros y profesionales en los campos de la Educación Física y Recreación. Contamos con una facultad diversa en los diferentes campos de la kinesiología que aportan al desarrollo holístico de nuestros egresados. Por otro lado, nuestra facultad cuenta con un historial sobresaliente en el componente investigativo. Históricamente nuestros egresados y facultad han ocupado puestos de liderazgo en diferentes contextos relacionados a la kinesiología, deporte, educación y recreación. Le exhortamos a que exploren la página web del departamento en donde encontrarán información sobre nuestras ofertas académicas, personal docente, organizaciones estudiantiles, eventos y arrendamientos de facilidades.  </p><div> </div><div> </div><div> </div>								</div>
				</div>
					</div>
		</div>
				<div class="elementor-column elementor-col-50 elementor-top-column elementor-element elementor-element-2d1a4ee" data-id="2d1a4ee" data-element_type="column" data-e-type="column">
			<div class="elementor-widget-wrap elementor-element-populated">
						<div class="elementor-element elementor-element-3462b3f elementor-widget elementor-widget-image" data-id="3462b3f" data-element_type="widget" data-e-type="widget" data-widget_type="image.default">
				<div class="elementor-widget-container">
															<img fetchpriority="high" decoding="async" width="1536" height="1152" src="https://educacion.uprrp.edu/edfi/wp-content/uploads/sites/5/2020/12/IMG_2549-scaled-1536x1152.jpg" class="attachment-1536x1536 size-1536x1536 wp-image-9599" alt="" srcset="https://educacion.uprrp.edu/edfi/wp-content/uploads/sites/5/2020/12/IMG_2549-scaled-1536x1152.jpg 1536w, https://educacion.uprrp.edu/edfi/wp-content/uploads/sites/5/2020/12/IMG_2549-scaled-300x225.jpg 300w, https://educacion.uprrp.edu/edfi/wp-content/uploads/sites/5/2020/12/IMG_2549-scaled-1024x768.jpg 1024w, https://educacion.uprrp.edu/edfi/wp-content/uploads/sites/5/2020/12/IMG_2549-768x576.jpg 768w, https://educacion.uprrp.edu/edfi/wp-content/uploads/sites/5/2020/12/IMG_2549-scaled-2048x1536.jpg 2048w" sizes="(max-width: 1536px) 100vw, 1536px" />															</div>
				</div>
					</div>
		</div>
					</div>
		</section>
				</div>

<p>El Departamento de Educación Física y Recreación El Departamento de Educación Física y Recreación de la Universidad de Puerto Rico, Recinto de Río Piedras, se origina en el 1946 con el propósito de ofrecer un servicio esencial al pueblo de &hellip; </p>
